est common factor of 381220 and 175420.
980
What is the highest common divisor of 195663925 and 150?
25
What is the highest common divisor of 263995095 and 7?
7
Calculate the greatest common factor of 1367808 and 4928768.
3328
What is the greatest common factor of 187932 and 93936?
12
Calculate the highest common divisor of 449 and 21723967.
449
What is the greatest common divisor of 23388 and 3734284?
7796
What is the greatest common divisor of 7692378 and 798?
114
Calculate the highest common divisor of 7359584 and 528733.
2371
Calculate the greatest common divisor of 1464100 and 23100.
1100
What is the greatest common factor of 309 and 46845224?
103
What is the greatest common factor of 100441244 and 1448?
724
Calculate the greatest common factor of 67943301 and 25895.
5179
Calculate the highest common factor of 1092 and 52227476.
28
Calculate the greatest common divisor of 84590036 and 5601.
1867
Calculate the greatest common factor of 123502 and 5208.
2
What is the greatest common divisor of 563301 and 8694?
27
What is the greatest common divisor of 1031459362 and 1852?
926
Calculate the highest common factor of 3 and 77945025.
3
What is the greatest common factor of 47114730 and 31?
31
What is the highest common divisor of 18 and 29081844?
18
What is the greatest common divisor of 1664 and 296252632?
104
Calculate the highest common divisor of 278283706 and 2608.
326
Calculate the highest common divisor of 471549 and 63558.
321
Calculate the highest common divisor of 607059 and 122729.
37
Calculate the highest common divisor of 18108 and 133540464.
6036
Calculate the highest common factor of 296487 and 139119.
237
What is the greatest common divisor of 9287 and 783371?
251
Calculate the highest common factor of 4329934 and 649298.
3842
Calculate the highest common factor of 927687328 and 96.
32
What is the greatest common divisor of 252351 and 30690?
99
What is the highest common divisor of 62723928 and 2064?
1032
Calculate the greatest common divisor of 12516 and 328041.
21
Calculate the highest common divisor of 5680 and 39667984.
1136
Calculate the highest common factor of 653103360 and 42.
42
Calculate the highest common divisor of 5497712 and 27632.
176
Calculate the greatest common factor of 522732 and 804.
12
Calculate the greatest common divisor of 1343512 and 96.
8
What is the highest common factor of 1855357 and 4063?
239
Calculate the greatest common factor of 28403590 and 710.
10
Calculate the greatest common divisor of 151 and 49520148.
151
What is the greatest common factor of 125144955 and 115?
115
Calculate the highest common divisor of 50058 and 72054.
18
What is the greatest common divisor of 131 and 257696519?
131
What is the greatest common factor of 384 and 3578664?
24
What is the greatest common factor of 1860931 and 2?
1
What is the greatest common factor of 28248 and 172163?
107
What is the greatest common divisor of 82376708 and 1886?
1886
What is the greatest common divisor of 3402941 and 289?
17
What is the highest common divisor of 205318 and 16817?
251
Calculate the greatest common factor of 4849730 and 30.
10
Calculate the highest common divisor of 5137561 and 2145.
143
What is the greatest common factor of 646176 and 21408?
96
Calculate the highest common divisor of 337262 and 136.
2
Calculate the highest common factor of 3 and 3892569.
3
Calculate the greatest common factor of 800 and 107443800.
200
What is the highest common factor of 876192 and 972?
12
Calculate the highest common factor of 24475 and 22852975.
2225
What is the highest common factor of 2390841 and 62667?
1899
Calculate the highest common divisor of 88852719 and 5973.
543
Calculate the highest common factor of 354 and 531666.
6
Calculate the greatest common factor of 2640 and 1106655.
165
What is the highest common factor of 35302376 and 24?
8
Calculate the highest common divisor of 579825630 and 21114.
7038
Calculate the highest common divisor of 719788704 and 114.
114
What is the greatest common divisor of 648700 and 96460?
260
What is the greatest common factor of 969565 and 165?
5
Calculate the highest common divisor of 61427572 and 23.
23
Calculate the highest common divisor of 12087 and 59101911.
153
Calculate the highest common divisor of 37 and 72581161.
37
Calculate the greatest common factor of 25560819 and 2.
1
What is the greatest common factor of 973424 and 5072?
16
Calculate the greatest common divisor of 434 and 776080319.
217
What is the highest common divisor of 70187103 and 12195?
2439
Calculate the greatest common divisor of 15638572 and 272.
68
What is the greatest common factor of 2508 and 272476644?
2508
Calculate the highest common divisor of 1063728 and 7403376.
4272
What is the greatest common factor of 602 and 3623242?
14
Calculate the greatest common factor of 992348 and 28640598.
5978
What is the highest common divisor of 198444 and 22475940?
8628
What is the greatest common factor of 14867280 and 2880?
720
Calculate the highest common factor of 1946 and 5355114.
278
What is the highest common divisor of 992 and 20676752?
496
What is the highest common factor of 2268 and 30100896?
2268
What is the greatest common divisor of 15379637 and 26?
13
Calculate the highest common divisor of 1090 and 1919380.
10
Calculate the greatest common factor of 625 and 154405.
5
What is the highest common factor of 76348321 and 14?
7
What is the greatest common factor of 241691 and 1?
1
What is the highest common divisor of 345782682 and 14?
14
What is the greatest common factor of 25340 and 751689380?
3620
Calculate the greatest common factor of 765492 and 26988.
156
Calculate the highest common divisor of 7902881 and 7469.
679
What is the greatest common divisor of 104904 and 551304?
2232
What is the greatest common factor of 23107 and 2681?
7
Calculate the greatest common divisor of 27626066 and 2782.
26
Calculate the highest common factor of 288765 and 26567.
31
What is the greatest common divisor of 348 and 1643100?
12
Calculate the greatest common factor of 42893890 and 4080.
170
What is the highest common divisor of 46 and 639980980?
46
Calculate the greatest common divisor of 80807818 and 28.
14
What is the greatest common divisor of 176657 and 5080?
127
What is the highest common divisor of 2916021 and 2209?
47
Calculate the greatest common factor of 362949 and 43080.
1077
Calculate the highest common divisor of 99 and 156830697.
9
What is the greatest common divisor of 7703133 and 1778096?
5849
Calculate the greatest common factor of 38 and 395442.
2
What is the highest common divisor of 137945 and 127370?
235
Calculate the highest common factor of 246 and 104881813.
41
Calculate the highest common factor of 2241 and 2635831.
83
What is the highest common factor of 2284374735 and 97?
97
Calculate the greatest common factor of 5 and 8333865.
5
What is the greatest common factor of 322408156 and 4792?
2396
What is the greatest common factor of 30505260 and 57?
57
Calculate the greatest common divisor of 7375 and 114047.
59
What is the greatest common divisor of 5836337 and 13?
13
Calculate the highest common factor of 35851974 and 228.
114
What is the greatest common factor of 2209200 and 15600?
1200
What is the greatest common factor of 91 and 16417583?
91
What is the highest common factor of 11 and 1702424031?
11
What is the greatest common divisor of 19350 and 7083906?
258
What is the highest common factor of 11684832 and 52392?
1416
Calculate the highest common factor of 446507 and 4601092.
2957
What is the greatest common divisor of 115388 and 55792?
1268
Calculate the highest common divisor of 310290125 and 25.
25
What is the highest common factor of 324496 and 83232?
272
What is the greatest common factor of 6526 and 3441712?
502
Calculate the greatest common factor of 92324 and 5828.
4
What is the greatest common divisor of 9300156 and 120?
12
What is the greatest common factor of 197911090 and 460?
230
What is the greatest common divisor of 13366 and 2864236?
326
Calculate the greatest common divisor of 14560 and 81137888.
416
Calculate the highest common divisor of 787505 and 625.
5
What is the greatest common divisor of 69 and 38147271?
69
What is the highest common factor of 6076536 and 26935?
5387
What is